- s**2 - s. Let w(c) = -m(c) + 2*q(c). Let n be w(3). What is the greatest common factor of n and 51?
17
Suppose -3*p - 1296 = -4*k, -k - 183*p = -181*p - 335. Calculate the greatest common factor of 109 and k.
109
Let l = -47 - 3. Let h be l*5/(-10) + -3. Calculate the highest common divisor of h and 110.
22
Let u be 5 + (-4 - (1 + -3)). Let w(m) = -m**3 + 5*m**2 + 3*m - 3. Let t be w(u). What is the greatest common divisor of t and 36?
12
Suppose 0 = -u + 3*x + 21, 4*x + 24 = 2*u - 8. Suppose 9 = d - b - 0, 0 = 3*d - 2*b - 27. Calculate the highest common divisor of u and d.
3
Let f = 19 - -47. Let b be 2 - (0 - (-2 + 2)). Suppose k = -b*c - k + 24, 0 = 3*c - 3*k - f. What is the greatest common factor of c and 85?
17
Let o(f) = f + 3. Let q be o(8). Suppose 3*n - q - 25 = 0. Suppose 3*v = v + n. What is the greatest common divisor of 42 and v?
6
Suppose 0 = -3*y + 835 + 254. Calculate the highest common divisor of y and 66.
33
Let f(t) = 4*t + 85. Let c be f(-17). Calculate the greatest common factor of 17 and c.
17
Let v be (24/(-16))/((-18)/5664). Calculate the greatest common divisor of 413 and v.
59
Suppose -4*i + 0*i + 20 = 0. What is the highest common divisor of 5 and i?
5
Suppose 0*n = -j + n + 156, 0 = -2*j - 4*n + 300. Let x be ((-180)/(-315))/((18/(-231))/(-3)). What is the greatest common divisor of x and j?
22
Let h = 59 + -27. Let y(r) = -r**2 + 12*r - 8. Let p be y(8). What is the greatest common factor of p and h?
8
Let w(t) = -3*t - 19. Let u be w(-8). Suppose -19 = s + 3*k + 2*k, -u*s + 5*k = -25. Let b = 6 - s. What is the highest common factor of b and 2?
1
Let b be (-446)/(-6) + 5/(-15). Let y(h) = -h**3 - 9*h**2 - 3*h - 13. Let v be y(-11). Suppose v + b = 2*c. What is the greatest common factor of 21 and c?
21
Let k(c) = -27*c**2 + 9*c - 7. Let y be k(7). Let i be (-2)/(-7) + 103/7. Let q be (-6)/i - y/5. Calculate the greatest common factor of 23 and q.
23
Let t(l) = 9*l**2 - l**3 + 13 - 7 - 1 - 8*l. Let g be t(6). Let a = 25 + g. What is the greatest common divisor of 60 and a?
30
Let i be 93/124*(-8)/(-6). Calculate the greatest common factor of i and 4.
1
Suppose -5*r + 9*r = 136. Let g be (102/9)/((-6)/(-27)). Calculate the highest common divisor of g and r.
17
Suppose 5*q - 5*a - 19 = 86, -q = 3*a - 17. What is the highest common divisor of q and 220?
20
Suppose -46 = -2*j + 10. Suppose d + 2*t = -71, 3*d + 213 = -t + 5*t. Let v = d - -379. What is the greatest common divisor of v and j?
28
Let f be (15 + -6)/3 + (1 - -8). Suppose f = a - 2. Calculate the highest common divisor of 21 and a.
7
Suppose 4*y - 2 = 3*y. Suppose 0 = -3*z + 5*z, 54 = y*k + 2*z. What is the highest common divisor of k and 18?
9
Let j be (-2)/6 - (-40)/3. Let c be (0 + 234/45)/(4/10). What is the greatest common divisor of j and c?
13
Suppose 7 = -5*v + v + 5*p, 3*p - 9 = 0. Suppose c = -v, -4*x = -2*c - 109 - 291. Calculate the greatest common divisor of x and 9.
9
Let b = -96 - -736. Suppose 6*i + 4*i - b = 0. What is the greatest common factor of i and 48?
16
Let v = -852 + 1042. What is the highest common factor of 5 and v?
5
Let n be 150/(-225) + 148/6. What is the highest common factor of 132 and n?
12
Suppose 0 = 3*y - p + 46 - 301, 0 = -y - 5*p + 85. Calculate the highest common divisor of 68 and y.
17
Suppose -10*u - 192 = -18*u. Suppose -q = -0*c + 2*c - u, -88 = -4*q - 4*c. Calculate the highest common factor of q and 30.
10
Let h be (-6)/6 - (-59)/1. Let o = -53 + h. Calculate the greatest common divisor of 5 and o.
5
Let l(b) = -22*b - 8*b - 2*b**2 + 3*b**2 + 39*b - 12. Let q be l(5). Let v be q/6 + 13/39. Calculate the greatest common factor of 10 and v.
10
Let h = 65 + -55. Suppose -h = -4*w + 50. Suppose 0 = 2*l - l - 30. Calculate the greatest common divisor of w and l.
15
Let y = 277 + -239. What is the highest common factor of 171 and y?
19
Let a(f) = -3 + 2 + f**2 - 2*f**2 - f**2. Let i be a(1). Let o = 1 - i. What is the greatest common factor of o and 1?
1
Let n be ((-9)/5)/(84/(-3640)) - 6. What is the greatest common divisor of n and 120?
24
Let p(f) = -28*f**3 + 2*f + 1. Let o be p(-1). Let y be (-270)/(-15)*(-1)/(-2). Calculate the greatest common factor of y and o.
9
Suppose 4*f = x + 36 - 3, 3*f + 4*x = 1. What is the greatest common divisor of f and 427?
7
Suppose 0 = 2*o + 4*k - 40, 4*o - 61 = -4*k + 11. Calculate the highest common divisor of o and 128.
16
Let w(l) = 18*l**3 + 3*l**2 - 4*l + 7. Let b be w(2). What is the highest common factor of b and 31?
31
Let k = 6 + -2. Suppose 2*w = -5*v + 480, 0 = -v - k*v - 4*w + 470. What is the greatest common factor of v and 14?
14
Let y = 2179 - 1539. Calculate the highest common factor of 240 and y.
80
Suppose 6*l = 7*l + 23. Let r = l - -26. Suppose -r*v = 5*q - 128, -3*v - v + 4*q = -128. Calculate the highest common divisor of 324 and v.
36
Suppose -339*o + 1188 = -335*o. Calculate the greatest common factor of o and 33.
33
Let n = -983 + 1527. Suppose -3*o - n = -5*v, -5*v = -v - o - 438. Calculate the greatest common divisor of 22 and v.
22
Suppose -4*v = t - 472, -2*v + 127 = -v - 2*t. Let i = v - 69. What is the greatest common factor of 10 and i?
10
Let t = -47 - -50. What is the highest common divisor of 57 and t?
3
Let s = 1597 + -1593. Calculate the greatest common divisor of 60 and s.
4
Let p be (4 - 0) + 7 + (-1 - -5). Let v be 28/(-42) - (80/(-6))/2. Calculate the greatest common factor of p and v.
3
Let r = -25 - -281. Let b = 79 + -47. What is the greatest common factor of b and r?
32
Let y(g) = -569*g + 94. Let b be y(-1). Calculate the greatest common divisor of b and 102.
51
Suppose 5*o - 8*o = 60. Let f be (-120)/9*(352/o - 4). Calculate the greatest common divisor of f and 36.
36
Let w be ((-1)/(-3))/(2/174). Suppose -3*u = -0*q - q - w, -1 = -q. Let g be (8/10 - 75/250)*140. What is the greatest common divisor of u and g?
10
Let h(p) = -20*p. Let f(j) = -j - 1. Let z be f(1). Let u be h(z). Let t = 168 - 108. What is the highest common divisor of u and t?
20
Suppose -5*o + 14 - 4 = 0. Let k = -2 + o. Let n = 52 - k. Calculate the highest common divisor of 13 and n.
13
Let s be (-352)/(-20) + -5 - (-24)/(-40). What is the highest common factor of 8 and s?
4
Suppose -21*m + 3388 = -17*m. Calculate the highest common divisor of m and 77.
77
Suppose -5*b = -4*d - 4*b - 69, -5*d = b + 75. Let u(j) = j**3 + 16*j**2 - j - 11. Let a be u(d). Calculate the greatest common divisor of a and 4.
1
Let u = -148 + 49. Let t = 143 + u. Let z(y) = y + 13. Let m be z(-9). What is the highest common factor of m and t?
4
Suppose 0*g + 98 = q + 4*g, -262 = -3*q + 4*g. Calculate the highest common factor of 10 and q.
10
Let t(b) = -b**2 - 6*b + 4. Let k be t(-6). Let s = 23 + -3. Let g = s - 16. Calculate the greatest common factor of g and k.
4
Suppose 1257 = 5*v - 3*r + 110, -2*v + r + 459 = 0. What is the highest common divisor of v and 10?
10
Let k(q) = -q + 4. Let c be k(2). Let n(b) = -4*b**2 - 3 + 6*b**2 + 73*b**3 - b - 3*b**c + 4. Let x be n(1). What is the greatest common factor of x and 18?
18
Suppose 0 = -5*d - 2*v + 26, d - 8 = 3*v + 4. Calculate the greatest common factor of 84 and d.
6
Suppose 41 = 5*o - 4*f + 11, -24 = -4*o - 5*f. Let s be (-4 - 35 - -3)/(o/(-4)). Calculate the highest common divisor of 84 and s.
12
Let u(i) = 2*i**2 + 2*i + 3. Let f be u(-2). Let r = 10 - f. Suppose 79 = 5*m - 86. What is the greatest common divisor of r and m?
3
Suppose 0 = -4*q + 18 + 38. Let b(x) = 21*x**2 - x - 2. Let d be b(-2). Suppose d = 2*a + a. What is the highest common factor of a and q?
14
Suppose -5*j = -4*i - 158 + 46, 5*i = -4*j + 106. Let h = j - 1. What is the greatest common factor of 207 and h?
23
Let u be (14 - (3 - 4)) + (2 - 5). What is the highest common divisor of 60 and u?
12
Let m be (-32)/(6 - 352/55). Let s(y) = y**3 - 5*y**2 - 4*y + 4. Let j be s(6). Calculate the greatest common factor of m and j.
16
Suppose 2*i - 2 = 22. Suppose -4 + i = 2*h. Calculate the highest common factor of 40 and h.
4
Suppose -3*v - 15*k = -12*k - 174, 0 = v - 5*k - 34. Calculate the greatest common factor of 297 and v.
27
Let f = 84 + -73. What is the highest common divisor of 253 and f?
11
Let p(h) = 20 - h - 3*h + 5*h. Let z be p(0). Calculate the g